 is divided by 17.
3
What is the remainder when 803164 is divided by 615?
589
Calculate the remainder when 144806218 is divided by 20.
18
What is the remainder when 17816104 is divided by 595?
19
Calculate the remainder when 78972 is divided by 18442.
5204
What is the remainder when 2117249 is divided by 1058552?
145
Calculate the remainder when 30302500 is divided by 77.
74
What is the remainder when 3550335 is divided by 58?
39
Calculate the remainder when 272000 is divided by 1904.
1632
Calculate the remainder when 2139190 is divided by 713003.
181
Calculate the remainder when 1890479 is divided by 2393.
9
What is the remainder when 29220 is divided by 4712?
948
Calculate the remainder when 22858113 is divided by 3297.
12
What is the remainder when 51077 is divided by 11790?
3917
What is the remainder when 18331 is divided by 1759?
741
What is the remainder when 3085731 is divided by 43461?
0
Calculate the remainder when 59812 is divided by 5965.
162
What is the remainder when 24309 is divided by 535?
234
Calculate the remainder when 10037109 is divided by 5356.
5321
Calculate the remainder when 4568720 is divided by 913743.
5
What is the remainder when 24404175 is divided by 99?
81
What is the remainder when 1712726 is divided by 542?
6
Calculate the remainder when 24504 is divided by 997.
576
Calculate the remainder when 83130 is divided by 486.
24
Calculate the remainder when 1974319825 is divided by 29.
28
Calculate the remainder when 1327234 is divided by 101.
94
Calculate the remainder when 17311390 is divided by 2232.
2230
Calculate the remainder when 12932147 is divided by 179613.
11
What is the remainder when 10342363 is divided by 425?
413
What is the remainder when 1076221 is divided by 269054?
5
Calculate the remainder when 643301 is divided by 214399.
104
Calculate the remainder when 21517070 is divided by 5305.
5295
Calculate the remainder when 3523237 is divided by 264.
157
What is the remainder when 285592499 is divided by 50?
49
Calculate the remainder when 5057389 is divided by 4812.
4789
What is the remainder when 448730 is divided by 112182?
2
What is the remainder when 414345 is divided by 2193?
2061
What is the remainder when 5591543 is divided by 798791?
6
What is the remainder when 4661778 is divided by 776963?
0
What is the remainder when 87304 is divided by 638?
536
Calculate the remainder when 1420256 is divided by 8466.
6434
What is the remainder when 2090930 is divided by 33175?
905
Calculate the remainder when 189189 is divided by 161.
14
Calculate the remainder when 161708 is divided by 7679.
449
Calculate the remainder when 382719935 is divided by 175.
10
Calculate the remainder when 25869381 is divided by 1211.
1210
What is the remainder when 78635199 is divided by 495?
489
Calculate the remainder when 37993 is divided by 1726.
21
Calculate the remainder when 355217 is divided by 159.
11
Calculate the remainder when 887739 is divided by 55483.
11
What is the remainder when 6789685 is divided by 382?
17
Calculate the remainder when 3567481 is divided by 179.
11
What is the remainder when 630460 is divided by 134?
124
Calculate the remainder when 2748297 is divided by 7.
6
Calculate the remainder when 30425304 is divided by 2173234.
28
Calculate the remainder when 98311099 is divided by 2281.
2280
Calculate the remainder when 21174 is divided by 3482.
282
Calculate the remainder when 92061 is divided by 7510.
1941
Calculate the remainder when 1144748 is divided by 2.
0
Calculate the remainder when 351449 is divided by 963.
917
Calculate the remainder when 4580911 is divided by 45809.
11
Calculate the remainder when 165050 is divided by 23560.
130
Calculate the remainder when 337260 is divided by 1547.
14
Calculate the remainder when 337962 is divided by 1271.
1147
What is the remainder when 48658 is divided by 9328?
2018
Calculate the remainder when 27920294 is divided by 28.
10
Calculate the remainder when 2463249 is divided by 60067.
502
Calculate the remainder when 1445084 is divided by 11378.
78
What is the remainder when 6067 is divided by 166?
91
Calculate the remainder when 101824043 is divided by 697.
10
What is the remainder when 35533996 is divided by 371?
358
Calculate the remainder when 54927187 is divided by 1167.
1165
What is the remainder when 1875764 is divided by 70?
44
What is the remainder when 936260197 is divided by 100?
97
Calculate the remainder when 3337178 is divided by 1200.
1178
Calculate the remainder when 18801852 is divided by 4425.
27
Calculate the remainder when 128335 is divided by 921.
316
Calculate the remainder when 10369672 is divided by 18.
16
Calculate the remainder when 946393 is divided by 29464.
3545
Calculate the remainder when 37184362 is divided by 166746.
4
What is the remainder when 10495776 is divided by 733?
682
What is the remainder when 193760 is divided by 192591?
1169
Calculate the remainder when 193067 is divided by 135.
17
Calculate the remainder when 197860 is divided by 1111.
102
What is the remainder when 795002 is divided by 2133?
1526
Calculate the remainder when 2119402206 is divided by 1232.
1230
What is the remainder when 59200 is divided by 305?
30
Calculate the remainder when 218030 is divided by 8071.
113
Calculate the remainder when 230657 is divided by 232.
49
Calculate the remainder when 425831710 is divided by 8.
6
Calculate the remainder when 40964639 is divided by 31.
30
What is the remainder when 2221039 is divided by 740299?
142
What is the remainder when 1088781 is divided by 117?
96
What is the remainder when 1103607 is divided by 38006?
1433
Calculate the remainder when 26507161 is divided by 22.
21
What is the remainder when 97369 is divided by 97324?
45
What is the remainder when 1358072696 is divided by 300?
296
What is the remainder when 129178 is divided by 2462?
1154
What is the remainder when 153293 is divided by 30599?
298
What is the remainder when 1331637 is divided by 6374?
5845
Calculate the remainder when 1195321 is divided by 161.
57
What is the remainder when 103645 is divided by 310?
105
What is the remainder when 591513 is divided by 284?
225
What is the remainder when 48174452 is divided by 69717?
5
What is the remainder when 16446160 is divided by 5482053?
1
What is the remainder when 625026 is divided by 9920?
66
Calculate the remainder when 822283 is divided by 205570.
3
Calculate the remainder when 1077815 is divided by 8031.
1661
Calculate the remainder when 318218 is divided by 1904.
250
Calculate the remainder when 106375592 is divided by 14572.
14564
What is the remainder when 198067995 is divided by 106?
105
Calculate the remainder when 20920 is divided by 5523.
4351
Calculate the remainder when 65005 is divided by 12616.
1925
Calculate the remainder when 140772 is divided by 1616.
180
Calculate the remainder when 7133429 is divided by 15.
14
What is the remainder when 204368840 is divided by 225?
215
What is the remainder when 238872 is divided by 59718?
0
What is the remainder when 51416695 is divided by 25?
20
What is the remainder when 1971574 is divided by 213?
46
Calculate the remainder when 47181465 is divided by 40.
25
What is the remainder when 481918 is divided by 342?
40
What is the remainder when 59100 is divided by 144?
60
Calculate the remainder when 159475 is divided by 12252.
199
What is the remainder when 336910 is divided by 84223?
18
What is the remainder when 48826 is divided by 4569?
3136
Calculate the remainder when 43825241 is divided by 70.
61
Calculate the remainder when 16708473 is divided by 12.
9
Calculate the remainder when 385995407 is divided by 24.
23
What is the remainder when 35328366 is divided by 30?
6
What is the remainder when 61203 is divided by 15103?
791
Calculate the remainder when 1655079 is divided by 34.
27
Calculate the remainder when 492856 is divided by 97835.
3681
What is the remainder when 217223 is divided by 54255?
203
What is the remainder when 483488 is divided by 3160?
8
What is the remainder when 899542 is divided by 8029?
294
Calculate the remainder when 7009847 is divided by 1909.
1908
What is the remainder when 55012 is divided by 6772?
836
Calculate the remainder when 22150989 is divided by 2461221.
0
Calculate the remainder when 259684323 is d